253592 even?
True
Does 6 divide 7879950?
True
Is 231 a factor of 89063898?
True
Is 18227728 a multiple of 8?
True
Is 67 a factor of 18225784?
False
Does 5 divide 6424660?
True
Is 805710087 a multiple of 19?
False
Is 43533067 a multiple of 17?
False
Is 1506428 a multiple of 268?
True
Does 1552 divide 649598912?
True
Does 1389 divide 53739616?
False
Is 14478393 a multiple of 3?
True
Is 4 a factor of 5404022?
False
Does 80 divide 855580480?
True
Is 14 a factor of 16855832?
True
Is 215 a factor of 165417829?
False
Does 2 divide 9361405?
False
Does 68 divide 51334111?
False
Is 78 a factor of 82377259?
False
Does 271 divide 15052429?
False
Does 38 divide 582015228?
False
Does 223 divide 15654377?
True
Does 1858 divide 4353934458?
False
Does 8 divide 64095661?
False
Does 81 divide 22943070?
False
Does 1661 divide 655923917?
True
Is 1658856146 a multiple of 9?
False
Does 226 divide 3358343429?
False
Is 93 a factor of 382210633?
False
Does 12 divide 2045888?
False
Is 5267756 a multiple of 118?
True
Is 4844 a factor of 3394820653?
False
Is 247 a factor of 87120605?
True
Is 58 a factor of 289065794?
True
Is 12 a factor of 159194583?
False
Is 894568360 a multiple of 40?
True
Does 234 divide 6654960?
True
Does 45 divide 73559538?
False
Does 3 divide 11572596?
True
Is 51 a factor of 131384949?
False
Is 674 a factor of 930168528?
True
Is 3280928945 a multiple of 35?
True
Is 372 a factor of 46920360?
True
Does 469 divide 379580460?
True
Does 11 divide 43441783?
True
Is 895 a factor of 3123241225?
True
Does 1460 divide 165092275?
False
Is 309 a factor of 32687256?
True
Is 582692545 a multiple of 255?
False
Is 55516539 a multiple of 79?
True
Does 16 divide 180091750?
False
Does 398 divide 3915810?
False
Is 72 a factor of 4726224?
True
Does 252 divide 1148073444?
True
Does 24 divide 600761904?
True
Does 15 divide 455729000?
False
Is 60 a factor of 1681320?
True
Is 25349028 a multiple of 1419?
False
Does 123 divide 19832500?
False
Is 1949329783 a multiple of 26?
False
Is 9 a factor of 109708080?
False
Is 214116543 a multiple of 7?
False
Does 14 divide 39808399?
False
Is 1470294 a multiple of 98?
True
Does 127 divide 1187069?
True
Is 37069925 a multiple of 117?
False
Does 34 divide 246531008?
True
Is 65593580 a multiple of 26?
True
Is 306339280 a multiple of 38?
True
Does 1711 divide 280369593?
True
Is 8184372 a multiple of 84?
True
Is 18756867 a multiple of 677?
False
Is 6 a factor of 98673335?
False
Is 371 a factor of 33963937?
True
Is 41 a factor of 6525437?
True
Is 78 a factor of 1645888415?
False
Is 1547133095 a multiple of 21?
False
Is 49 a factor of 26334462?
True
Is 328 a factor of 26932136?
False
Is 3948 a factor of 38902536?
False
Does 15 divide 17484720?
True
Is 898630183 a multiple of 3?
False
Does 997 divide 125156401?
True
Does 2020 divide 74441040?
True
Is 248943172 a multiple of 4?
True
Is 2514652 a multiple of 397?
False
Is 15 a factor of 69087534?
False
Is 958776456 a multiple of 11?
True
Is 1418 a factor of 5030244?
False
Is 13 a factor of 48888970?
True
Is 297 a factor of 57911606?
False
Is 26260887 a multiple of 594?
False
Is 96 a factor of 76847712?
True
Is 340 a factor of 13690440?
True
Is 62287716 a multiple of 964?
False
Does 56 divide 3299368007?
False
Is 15 a factor of 85251000?
True
Is 160 a factor of 58323840?
True
Is 16608957 a multiple of 3?
True
Does 16 divide 67012224?
True
Is 544109611 a multiple of 122?
False
Is 605 a factor of 207025555?
True
Is 14211174 a multiple of 246?
True
Is 732818863 a multiple of 106?
False
Does 40 divide 427790840?
True
Is 161 a factor of 1475178278?
True
Is 38 a factor of 5687706734?
True
Is 9115221 a multiple of 717?
True
Is 6774810 a multiple of 210?
True
Is 22 a factor of 242642669?
False
Does 43 divide 170173766?
False
Does 6 divide 5301148?
False
Does 2863 divide 144845993?
False
Does 3817 divide 2938599155?
False
Does 14 divide 470224018?
False
Is 381 a factor of 91813088?
False
Is 26 a factor of 1179932635?
False
Does 15 divide 59295750?
True
Is 495884814 a multiple of 189?
False
Does 482 divide 18375129?
False
Does 229 divide 69216869?
False
Is 755 a factor of 230161750?
True
Is 171 a factor of 4074329?
False
Does 1412 divide 544509311?
False
Is 6 a factor of 36199902?
True
Is 7 a factor of 67162683?
True
Does 7 divide 18997645?
False
Does 4 divide 9640037?
False
Is 664476624 a multiple of 92?
True
Is 18861146 a multiple of 13?
False
Does 20 divide 77632822?
False
Is 89 a factor of 9445659?
True
Is 5351271 a multiple of 1771?
False
Is 9 a factor of 29945033?
False
Does 3148 divide 176560460?
False
Does 7 divide 352932551?
False
Is 284819170 a multiple of 58?
False
Is 13868174 a multiple of 34?
False
Is 14 a factor of 9752445?
False
Is 224428624 a multiple of 586?
True
Does 52 divide 239525936?
True
Is 605077123 a multiple of 15518?
False
Is 13587204 a multiple of 431?
False
Is 3 a factor of 66816292?
False
Is 263 a factor of 32212766?
True
Does 5 divide 253511915?
True
Is 12 a factor of 309828?
True
Is 85 a factor of 77336825?
True
Is 1292816 a multiple of 136?
True
Does 17 divide 23887436?
False
Is 5 a factor of 26657090?
True
Does 8 divide 937624?
True
Does 3687 divide 7691654933?
False
Is 8684435 a multiple of 245?
False
Is 51832173 a multiple of 75?
False
Is 11 a factor of 236015560?
True
Is 93 a factor of 59021334?
True
Is 852 a factor of 10524756?
True
Is 122833243 a multiple of 197?
True
Is 1193618881 a multiple of 389?
True
Is 183332890 a multiple of 758?
False
Is 19 a factor of 546288190?
True
Is 14 a factor of 1112884318?
True
Is 64 a factor of 384895424?
True
Is 92 a factor of 92458528?
True
Is 556 a factor of 21522204?
True
Is 1538475622 a multiple of 20?
False
Does 4393 divide 195153646?
False
Does 487 divide 239712349?
False
Is 1155669987 a multiple of 9?
False
Is 1785192697 a multiple of 394?
False
Is 304187399 a multiple of 79?
False
Is 311591479 a multiple of 3835?
False
Is 21 a factor of 3052979561?
False
Does 125 divide 2694522875?
True
Is 2013 a factor of 899088217?
False
Does 708 divide 84559272?
True
Is 63984648 a multiple of 91?
True
Is 2187791806 a multiple of 26?
False
Is 14685678 a multiple of 189?
True
Does 230 divide 439325583?
False
Is 1031570268 a multiple of 34?
True
Is 148369477 a multiple of 24?
False
Does 330 divide 36950430?
True
Is 166 a factor of 102196074?
True
Is 56446613 a multiple of 19?
False
Is 70 a factor of 3822882693?
False
Does 44 divide 21194987?
False
Is 7 a factor of 13732652?
False
Is 141 a factor of 472133?
False
Is 20798658 a multiple of 9?
True
Is 3934776 a multiple of 268?
True
Does 217 divide 44583149?
False
Is 5935994 a multiple of 166?
True
Is 538 a factor of 63818308?
False
Is 66544392 a multiple of 5?
False
Is 18 a factor of 10662465?
False
Is 860467089 a multiple of 419?
False
Is 172321200 a multiple of 51?
False
Is 67350976 a multiple of 2422?
True
Is 37 a factor of 141394358?
False
Is 268 a factor of 210036692?
True
Is 25920443 a multiple of 61?
False
Is 788 a factor of 34206292?
True
Is 366700544 a multiple of 896?
True
Does 306 divide 891684965?
False
Is 705471576 a multiple of 68?
True
Is 28 a factor of 780129280?
True
Is 10 a factor of 167285616?
False
Is 39 a factor of 38191569?
True
Is 13 a factor of 193389690?
True
Is 343577863 a multiple of 130?
False
Is 47173812 a multiple of 2586?
True
Does 1401 divide 303236643?
True
Is 122 a factor of 160460866?
True
Does 105 divide 130804485?
True
Is 64 a factor of 2667948984?
False
Is 1096029963 a multiple of 79?
True
Does 12 divide 149356848?
True
Is 28512748 a multiple of 781?
True
Is 10 a factor of 3517060?
True
Is 18225948 a multiple of 12?
True
Is 24 a factor of 15552864?
True
Is 371214773 a multiple of 67?
True
Does 2037 divide 32151775?
False
Does 565 divide 32925940?
True
Is 12 a factor of 70668672?
True
Does 45 divide 782800515?
True
Is 1141 a factor of 595014385?
True
Is 98 a factor of 3702952?
False
Is 561085378 a multiple of 877?
False
Does 1105 divide 85500480?
True
Does 8 divide 567290776?
True
Is 155 a factor of 83771122?
False
Is 377 a factor of 214922470?
False
Is 1126216239 a multiple of 34?
False
Is 3417285 a multiple of 21?
False
Does 4648 divide 136944024?
True
Does 503 divide 525986223?
False
Is 273 a factor of 18875220?
True
Does 23 divide 495638824?
False
I